{"id":117,"date":"2015-03-02T09:21:31","date_gmt":"2015-03-02T07:21:31","guid":{"rendered":"http:\/\/www.ff-weppersdorf.at\/web\/?page_id=117"},"modified":"2025-03-09T19:18:39","modified_gmt":"2025-03-09T17:18:39","slug":"ausruestung","status":"publish","type":"page","link":"https:\/\/www.ff-weppersdorf.at\/web\/ausruestung\/","title":{"rendered":"Ausr\u00fcstung"},"content":{"rendered":"<div class=\"fusion-fullwidth fullwidth-box fusion-builder-row-1 hundred-percent-fullwidth non-hundred-percent-height-scrolling\" style=\"--awb-border-radius-top-left:0px;--awb-border-radius-top-right:0px;--awb-border-radius-bottom-right:0px;--awb-border-radius-bottom-left:0px;--awb-overflow:visible;--awb-flex-wrap:wrap;\" ><div class=\"fusion-builder-row fusion-row\"><div class=\"fusion-layout-column fusion_builder_column fusion-builder-column-0 fusion_builder_column_1_1 1_1 fusion-one-full fusion-column-first fusion-column-last fusion-column-no-min-height\" style=\"--awb-bg-size:cover;--awb-margin-bottom:0px;\"><div class=\"fusion-column-wrapper fusion-flex-column-wrapper-legacy\"><div class=\"fusion-image-element in-legacy-container\" style=\"--awb-caption-title-font-family:var(--h2_typography-font-family);--awb-caption-title-font-weight:var(--h2_typography-font-weight);--awb-caption-title-font-style:var(--h2_typography-font-style);--awb-caption-title-size:var(--h2_typography-font-size);--awb-caption-title-transform:var(--h2_typography-text-transform);--awb-caption-title-line-height:var(--h2_typography-line-height);--awb-caption-title-letter-spacing:var(--h2_typography-letter-spacing);\"><span class=\" fusion-imageframe imageframe-none imageframe-1 hover-type-none\"><img decoding=\"async\" width=\"1200\" height=\"350\" title=\"slider_haus_mit_fuhrpark\" src=\"https:\/\/www.ff-weppersdorf.at\/web\/wp-content\/uploads\/2025\/03\/slider_haus_mit_fuhrpark.jpg\" data-orig-src=\"https:\/\/www.ff-weppersdorf.at\/web\/wp-content\/uploads\/2025\/03\/slider_haus_mit_fuhrpark.jpg\" alt class=\"lazyload img-responsive wp-image-8985\" srcset=\"data:image\/svg+xml,%3Csvg%20xmlns%3D%27http%3A%2F%2Fwww.w3.org%2F2000%2Fsvg%27%20width%3D%271200%27%20height%3D%27350%27%20viewBox%3D%270%200%201200%20350%27%3E%3Crect%20width%3D%271200%27%20height%3D%27350%27%20fill-opacity%3D%220%22%2F%3E%3C%2Fsvg%3E\" data-srcset=\"https:\/\/www.ff-weppersdorf.at\/web\/wp-content\/uploads\/2025\/03\/slider_haus_mit_fuhrpark-200x58.jpg 200w, https:\/\/www.ff-weppersdorf.at\/web\/wp-content\/uploads\/2025\/03\/slider_haus_mit_fuhrpark-400x117.jpg 400w, https:\/\/www.ff-weppersdorf.at\/web\/wp-content\/uploads\/2025\/03\/slider_haus_mit_fuhrpark-600x175.jpg 600w, https:\/\/www.ff-weppersdorf.at\/web\/wp-content\/uploads\/2025\/03\/slider_haus_mit_fuhrpark-800x233.jpg 800w, https:\/\/www.ff-weppersdorf.at\/web\/wp-content\/uploads\/2025\/03\/slider_haus_mit_fuhrpark.jpg 1200w\" data-sizes=\"auto\" data-orig-sizes=\"(max-width: 800px) 100vw, 1200px\" \/><\/span><\/div><div class=\"fusion-sep-clear\"><\/div><div class=\"fusion-separator fusion-full-width-sep\" style=\"margin-left: auto;margin-right: auto;margin-top:10px;margin-bottom:10px;width:100%;\"><\/div><div class=\"fusion-sep-clear\"><\/div><div class=\"fusion-clearfix\"><\/div><\/div><\/div><div class=\"fusion-layout-column fusion_builder_column fusion-builder-column-1 fusion_builder_column_1_1 1_1 fusion-one-full fusion-column-first fusion-column-last fusion-column-no-min-height\" style=\"--awb-bg-size:cover;--awb-margin-bottom:0px;\"><div class=\"fusion-column-wrapper fusion-flex-column-wrapper-legacy\"><div class=\"fusion-content-boxes content-boxes columns row fusion-columns-3 fusion-columns-total-3 fusion-content-boxes-1 content-boxes-icon-on-top content-left\" style=\"--awb-backgroundcolor:#ededed;--awb-iconcolor:#c9c9c9;--awb-hover-accent-color:#b83734;--awb-circle-hover-accent-color:#b83734;\" data-animationOffset=\"top-into-view\"><div style=\"--awb-backgroundcolor:#ededed;--awb-iconcolor:#c9c9c9;\" class=\"fusion-column content-box-column content-box-column content-box-column-1 col-lg-4 col-md-4 col-sm-4 fusion-content-box-hover content-box-column-first-in-row\"><div class=\"col content-box-wrapper content-wrapper-background link-area-box link-type-button icon-hover-animation-fade\" data-link=\"https:\/\/www.ff-weppersdorf.at\/web\/ausruestung\/fuhrpark\/\" data-link-target=\"_self\" data-animationOffset=\"top-into-view\"><div class=\"heading heading-with-icon icon-left\"><a class=\"heading-link\" href=\"https:\/\/www.ff-weppersdorf.at\/web\/ausruestung\/fuhrpark\/\" target=\"_self\"><div class=\"icon\"><i style=\"border-color:#333333;border-width:1px;background-color:#ffffff;box-sizing:content-box;height:42px;width:42px;line-height:42px;border-radius:100%;font-size:21px;\" aria-hidden=\"true\" class=\"fontawesome-icon fa-truck fas circle-yes\"><\/i><\/div><h2 class=\"content-box-heading\" style=\"--h2_typography-font-size:18px;line-height:23px;\">Fuhrpark<\/h2><\/a><\/div><div class=\"fusion-clearfix\"><\/div><div class=\"content-container\">\n<p>Die Freiwillige Feuerwehr Weppersdorf verf\u00fcgt \u00fcber f\u00fcnf Fahrzeuge.<\/p>\n<\/div><\/div><\/div><div style=\"--awb-backgroundcolor:#ededed;--awb-iconcolor:#c9c9c9;\" class=\"fusion-column content-box-column content-box-column content-box-column-2 col-lg-4 col-md-4 col-sm-4 fusion-content-box-hover \"><div class=\"col content-box-wrapper content-wrapper-background link-area-box link-type-button icon-hover-animation-fade\" data-link=\"https:\/\/www.ff-weppersdorf.at\/web\/ausruestung\/feuerwehrhaus\/\" data-link-target=\"_self\" data-animationOffset=\"top-into-view\"><div class=\"heading heading-with-icon icon-left\"><a class=\"heading-link\" href=\"https:\/\/www.ff-weppersdorf.at\/web\/ausruestung\/feuerwehrhaus\/\" target=\"_self\"><div class=\"icon\"><i style=\"border-color:#333333;border-width:1px;background-color:#ffffff;box-sizing:content-box;height:42px;width:42px;line-height:42px;border-radius:100%;font-size:21px;\" aria-hidden=\"true\" class=\"fontawesome-icon fa fa-home circle-yes\"><\/i><\/div><h2 class=\"content-box-heading\" style=\"--h2_typography-font-size:18px;line-height:23px;\">Feuerwehrhaus<\/h2><\/a><\/div><div class=\"fusion-clearfix\"><\/div><div class=\"content-container\"> Ein gro\u00dfes und modernes Feuerwehrhaus erf\u00fcllt die Anforderungen an die heutige Zeit.<\/div><\/div><\/div><div style=\"--awb-backgroundcolor:#ededed;--awb-iconcolor:#c9c9c9;\" class=\"fusion-column content-box-column content-box-column content-box-column-3 col-lg-4 col-md-4 col-sm-4 fusion-content-box-hover content-box-column-last content-box-column-last-in-row\"><div class=\"col content-box-wrapper content-wrapper-background link-area-box link-type-button icon-hover-animation-fade\" data-link=\"https:\/\/www.ff-weppersdorf.at\/web\/?p=1029\" data-link-target=\"_self\" data-animationOffset=\"top-into-view\"><div class=\"heading heading-with-icon icon-left\"><a class=\"heading-link\" href=\"https:\/\/www.ff-weppersdorf.at\/web\/?p=1029\" target=\"_self\"><div class=\"icon\"><i style=\"border-color:#333333;border-width:1px;background-color:#ffffff;box-sizing:content-box;height:42px;width:42px;line-height:42px;border-radius:100%;font-size:21px;\" aria-hidden=\"true\" class=\"fontawesome-icon fa fa-child circle-yes\"><\/i><\/div><h2 class=\"content-box-heading\" style=\"--h2_typography-font-size:18px;line-height:23px;\">pers\u00f6nliche Schutzausr\u00fcstung<\/h2><\/a><\/div><div class=\"fusion-clearfix\"><\/div><div class=\"content-container\"> Jedes Feuerwehrmitglied verf\u00fcgt \u00fcber spezielle Schutzausr\u00fcstung.<\/div><\/div><\/div><div class=\"fusion-clearfix\"><\/div><\/div><div class=\"fusion-clearfix\"><\/div><\/div><\/div><\/div><\/div>\n","protected":false},"excerpt":{"rendered":"","protected":false},"author":2,"featured_media":0,"parent":0,"menu_order":0,"comment_status":"closed","ping_status":"open","template":"","meta":{"footnotes":""},"class_list":["post-117","page","type-page","status-publish","hentry"],"yoast_head":"<!-- This site is optimized with the Yoast SEO plugin v27.5 - https:\/\/yoast.com\/product\/yoast-seo-wordpress\/ -->\n<title>Ausr\u00fcstung - Freiwillige Feuerwehr Weppersdorf<\/title>\n<meta name=\"robots\" content=\"index, follow, max-snippet:-1, max-image-preview:large, max-video-preview:-1\" \/>\n<link rel=\"canonical\" href=\"https:\/\/www.ff-weppersdorf.at\/web\/ausruestung\/\" \/>\n<meta property=\"og:locale\" content=\"de_DE\" \/>\n<meta property=\"og:type\" content=\"article\" \/>\n<meta property=\"og:title\" content=\"Ausr\u00fcstung - Freiwillige Feuerwehr Weppersdorf\" \/>\n<meta property=\"og:url\" content=\"https:\/\/www.ff-weppersdorf.at\/web\/ausruestung\/\" \/>\n<meta property=\"og:site_name\" content=\"Freiwillige Feuerwehr Weppersdorf\" \/>\n<meta property=\"article:modified_time\" content=\"2025-03-09T17:18:39+00:00\" \/>\n<meta name=\"twitter:label1\" content=\"Gesch\u00e4tzte Lesezeit\" \/>\n\t<meta name=\"twitter:data1\" content=\"1\u00a0Minute\" \/>\n<script type=\"application\/ld+json\" class=\"yoast-schema-graph\">{\"@context\":\"https:\\\/\\\/schema.org\",\"@graph\":[{\"@type\":\"WebPage\",\"@id\":\"https:\\\/\\\/www.ff-weppersdorf.at\\\/web\\\/ausruestung\\\/\",\"url\":\"https:\\\/\\\/www.ff-weppersdorf.at\\\/web\\\/ausruestung\\\/\",\"name\":\"Ausr\u00fcstung - Freiwillige Feuerwehr Weppersdorf\",\"isPartOf\":{\"@id\":\"https:\\\/\\\/www.ff-weppersdorf.at\\\/web\\\/#website\"},\"datePublished\":\"2015-03-02T07:21:31+00:00\",\"dateModified\":\"2025-03-09T17:18:39+00:00\",\"breadcrumb\":{\"@id\":\"https:\\\/\\\/www.ff-weppersdorf.at\\\/web\\\/ausruestung\\\/#breadcrumb\"},\"inLanguage\":\"de\",\"potentialAction\":[{\"@type\":\"ReadAction\",\"target\":[\"https:\\\/\\\/www.ff-weppersdorf.at\\\/web\\\/ausruestung\\\/\"]}]},{\"@type\":\"BreadcrumbList\",\"@id\":\"https:\\\/\\\/www.ff-weppersdorf.at\\\/web\\\/ausruestung\\\/#breadcrumb\",\"itemListElement\":[{\"@type\":\"ListItem\",\"position\":1,\"name\":\"Startseite\",\"item\":\"https:\\\/\\\/www.ff-weppersdorf.at\\\/web\\\/\"},{\"@type\":\"ListItem\",\"position\":2,\"name\":\"Ausr\u00fcstung\"}]},{\"@type\":\"WebSite\",\"@id\":\"https:\\\/\\\/www.ff-weppersdorf.at\\\/web\\\/#website\",\"url\":\"https:\\\/\\\/www.ff-weppersdorf.at\\\/web\\\/\",\"name\":\"Freiwillige Feuerwehr Weppersdorf\",\"description\":\"\",\"potentialAction\":[{\"@type\":\"SearchAction\",\"target\":{\"@type\":\"EntryPoint\",\"urlTemplate\":\"https:\\\/\\\/www.ff-weppersdorf.at\\\/web\\\/?s={search_term_string}\"},\"query-input\":{\"@type\":\"PropertyValueSpecification\",\"valueRequired\":true,\"valueName\":\"search_term_string\"}}],\"inLanguage\":\"de\"}]}<\/script>\n<!-- \/ Yoast SEO plugin. -->","yoast_head_json":{"title":"Ausr\u00fcstung - Freiwillige Feuerwehr Weppersdorf","robots":{"index":"index","follow":"follow","max-snippet":"max-snippet:-1","max-image-preview":"max-image-preview:large","max-video-preview":"max-video-preview:-1"},"canonical":"https:\/\/www.ff-weppersdorf.at\/web\/ausruestung\/","og_locale":"de_DE","og_type":"article","og_title":"Ausr\u00fcstung - Freiwillige Feuerwehr Weppersdorf","og_url":"https:\/\/www.ff-weppersdorf.at\/web\/ausruestung\/","og_site_name":"Freiwillige Feuerwehr Weppersdorf","article_modified_time":"2025-03-09T17:18:39+00:00","twitter_misc":{"Gesch\u00e4tzte Lesezeit":"1\u00a0Minute"},"schema":{"@context":"https:\/\/schema.org","@graph":[{"@type":"WebPage","@id":"https:\/\/www.ff-weppersdorf.at\/web\/ausruestung\/","url":"https:\/\/www.ff-weppersdorf.at\/web\/ausruestung\/","name":"Ausr\u00fcstung - Freiwillige Feuerwehr Weppersdorf","isPartOf":{"@id":"https:\/\/www.ff-weppersdorf.at\/web\/#website"},"datePublished":"2015-03-02T07:21:31+00:00","dateModified":"2025-03-09T17:18:39+00:00","breadcrumb":{"@id":"https:\/\/www.ff-weppersdorf.at\/web\/ausruestung\/#breadcrumb"},"inLanguage":"de","potentialAction":[{"@type":"ReadAction","target":["https:\/\/www.ff-weppersdorf.at\/web\/ausruestung\/"]}]},{"@type":"BreadcrumbList","@id":"https:\/\/www.ff-weppersdorf.at\/web\/ausruestung\/#breadcrumb","itemListElement":[{"@type":"ListItem","position":1,"name":"Startseite","item":"https:\/\/www.ff-weppersdorf.at\/web\/"},{"@type":"ListItem","position":2,"name":"Ausr\u00fcstung"}]},{"@type":"WebSite","@id":"https:\/\/www.ff-weppersdorf.at\/web\/#website","url":"https:\/\/www.ff-weppersdorf.at\/web\/","name":"Freiwillige Feuerwehr Weppersdorf","description":"","potentialAction":[{"@type":"SearchAction","target":{"@type":"EntryPoint","urlTemplate":"https:\/\/www.ff-weppersdorf.at\/web\/?s={search_term_string}"},"query-input":{"@type":"PropertyValueSpecification","valueRequired":true,"valueName":"search_term_string"}}],"inLanguage":"de"}]}},"_links":{"self":[{"href":"https:\/\/www.ff-weppersdorf.at\/web\/wp-json\/wp\/v2\/pages\/117","targetHints":{"allow":["GET"]}}],"collection":[{"href":"https:\/\/www.ff-weppersdorf.at\/web\/wp-json\/wp\/v2\/pages"}],"about":[{"href":"https:\/\/www.ff-weppersdorf.at\/web\/wp-json\/wp\/v2\/types\/page"}],"author":[{"embeddable":true,"href":"https:\/\/www.ff-weppersdorf.at\/web\/wp-json\/wp\/v2\/users\/2"}],"replies":[{"embeddable":true,"href":"https:\/\/www.ff-weppersdorf.at\/web\/wp-json\/wp\/v2\/comments?post=117"}],"version-history":[{"count":4,"href":"https:\/\/www.ff-weppersdorf.at\/web\/wp-json\/wp\/v2\/pages\/117\/revisions"}],"predecessor-version":[{"id":8989,"href":"https:\/\/www.ff-weppersdorf.at\/web\/wp-json\/wp\/v2\/pages\/117\/revisions\/8989"}],"wp:attachment":[{"href":"https:\/\/www.ff-weppersdorf.at\/web\/wp-json\/wp\/v2\/media?parent=117"}],"curies":[{"name":"wp","href":"https:\/\/api.w.org\/{rel}","templated":true}]}}